{"id":40,"date":"2024-03-28T14:24:53","date_gmt":"2024-03-28T13:24:53","guid":{"rendered":"http:\/\/new.asl-la-chevauchee.fr\/?page_id=40"},"modified":"2025-07-18T19:03:44","modified_gmt":"2025-07-18T17:03:44","slug":"assemblees-generales","status":"publish","type":"page","link":"https:\/\/asl-la-chevauchee.fr\/index.php\/assemblees-generales\/","title":{"rendered":"Assembl\u00e9es g\u00e9n\u00e9rales"},"content":{"rendered":"\n<p>Ici les comptes rendus et les diaporama<\/p>\n\n\n\n<p><\/p>\n\n\n\n<p><\/p>\n\n\n\n<p><\/p>\n\n\n\n<p>Les Comptes&nbsp; Rendus d&rsquo;Assembl\u00e9es G\u00e9n\u00e9rales<\/p>\n\n\n\n<p>&nbsp;<strong>         Les Comptes rendus d&rsquo;Assembl\u00e9es G\u00e9n\u00e9rales (CR d&rsquo;AG) sont toujours diffus\u00e9s \u00e0 tous les membres de l&rsquo;ASL.<\/strong><\/p>\n\n\n\n<p><\/p>\n\n\n\n<p><\/p>\n\n\n\n<p class=\"has-vivid-red-color has-text-color has-link-color wp-elements-fed0254e83c5db53dd7354fff862aecc\" style=\"font-style:normal;font-weight:700\"><a href=\"http:\/\/asl-la-chevauchee.fr\/wp-content\/uploads\/2025\/07\/CR-AGO-2025.pdf\" data-type=\"link\" data-id=\"http:\/\/asl-la-chevauchee.fr\/wp-content\/uploads\/2024\/03\/CR-AGO-2024.pdf\" target=\"_blank\" rel=\"noreferrer noopener\">CR AG 2025 (exercice 2024)<\/a> ===> <a href=\"http:\/\/asl-la-chevauchee.fr\/wp-content\/uploads\/2025\/07\/diaporama-AGO-22-03-2025.pdf\" data-type=\"link\" data-id=\"http:\/\/asl-la-chevauchee.fr\/wp-content\/uploads\/2024\/03\/diaporama-AGO-22-03-2024.pdf\" target=\"_blank\" rel=\"noreferrer noopener\">Diaporama de l&rsquo;AG 2025<\/a><\/p>\n\n\n\n<p class=\"has-vivid-red-color has-text-color has-link-color wp-elements-832fa476b928742eb8d03c47c8d471b1\" style=\"font-style:normal;font-weight:700\"><a href=\"http:\/\/asl-la-chevauchee.fr\/wp-content\/uploads\/2025\/07\/DEL25-06-06-Transfert-doffice-voiries-Res.-Chevauchee-dans-domaine-public.pdf\" data-type=\"link\" data-id=\"http:\/\/asl-la-chevauchee.fr\/wp-content\/uploads\/2025\/07\/DEL25-06-06-Transfert-doffice-voiries-Res.-Chevauchee-dans-domaine-public.pdf\">le conseil municipal<\/a> du 30 juin 2025 a officiellement int\u00e9gr\u00e9 les voies de la r\u00e9sidence dans le domaine public<\/p>\n\n\n\n<p><\/p>\n\n\n\n<p><\/p>\n\n\n\n<p><\/p>\n\n\n\n<p class=\"has-black-color has-text-color has-link-color wp-elements-b62837dd44ce00870471b03766ff4468\"><a href=\"http:\/\/asl-la-chevauchee.fr\/wp-content\/uploads\/2024\/03\/CR-AGO-2024.pdf\" data-type=\"link\" data-id=\"http:\/\/asl-la-chevauchee.fr\/wp-content\/uploads\/2024\/03\/CR-AGO-2024.pdf\" target=\"_blank\" rel=\"noreferrer noopener\">CR AG 2024 (exercice 2023)<\/a> ===> <a href=\"http:\/\/asl-la-chevauchee.fr\/wp-content\/uploads\/2024\/03\/diaporama-AGO-22-03-2024.pdf\" data-type=\"link\" data-id=\"http:\/\/asl-la-chevauchee.fr\/wp-content\/uploads\/2024\/03\/diaporama-AGO-22-03-2024.pdf\" target=\"_blank\" rel=\"noreferrer noopener\">Diaporama de l&rsquo;AG 2024<\/a><\/p>\n\n\n\n<p class=\"has-black-color has-text-color has-link-color wp-elements-52da3853bc0cd9bb8236b7ea68c859ab\"><a href=\"http:\/\/asl-la-chevauchee.fr\/wp-content\/uploads\/2024\/03\/Rouillon-Dossier-depot-prefecture.pdf\" data-type=\"link\" data-id=\"http:\/\/asl-la-chevauchee.fr\/wp-content\/uploads\/2024\/03\/Rouillon-Dossier-depot-prefecture.pdf\" target=\"_blank\" rel=\"noreferrer noopener\">Restauration de la berge du Rouillon &#8211; Dossier de d\u00e9claration<\/a><\/p>\n\n\n\n<p class=\"has-black-color has-text-color has-link-color wp-elements-ebeb245eb8613443d18c7346dc3a0b48\"><a href=\"http:\/\/asl-la-chevauchee.fr\/wp-content\/uploads\/2023\/03\/CR-AGO-2023.pdf\" data-type=\"URL\" data-id=\"http:\/\/asl-la-chevauchee.fr\/wp-content\/uploads\/2023\/03\/CR-AGO-2023.pdf\" target=\"_blank\" rel=\"noreferrer noopener\">CR AG 2023 (exercice 2022)<\/a> <strong>===<\/strong>&gt; <a href=\"http:\/\/asl-la-chevauchee.fr\/wp-content\/uploads\/2024\/03\/diaporama-final-AG-17-03-2023.pdf\" data-type=\"link\" data-id=\"http:\/\/asl-la-chevauchee.fr\/wp-content\/uploads\/2024\/03\/diaporama-final-AG-17-03-2023.pdf\" target=\"_blank\" rel=\"noreferrer noopener\">Diaporama de l&rsquo;AG 2023<\/a><\/p>\n\n\n\n<p class=\"has-black-color has-text-color has-link-color wp-elements-cb48c8b43d9480d6c754bcd4937c2c21\"><a href=\"http:\/\/asl-la-chevauchee.fr\/wp-content\/uploads\/2023\/02\/PV-reconnaissance-de-limites.pdf\" data-type=\"URL\" data-id=\"http:\/\/asl-la-chevauchee.fr\/wp-content\/uploads\/2023\/02\/PV-reconnaissance-de-limites.pdf\" target=\"_blank\" rel=\"noreferrer noopener\">Restauration de la berge du Rouillon\/ Bornage de nos limites de propri\u00e9t\u00e9, r\u00e9alis\u00e9 par le g\u00e9om\u00e8tre le 23 f\u00e9vrier 2023<\/a><\/p>\n\n\n\n<p class=\"has-black-color has-text-color has-link-color wp-elements-4d37f765bdd8e18005fb83cf02d3e980\"><a href=\"http:\/\/asl-la-chevauchee.fr\/wp-content\/uploads\/2022\/08\/CR-AGE-2022.pdf\" data-type=\"URL\" data-id=\"http:\/\/asl-la-chevauchee.fr\/wp-content\/uploads\/2022\/08\/CR-AGE-2022.pdf\" target=\"_blank\" rel=\"noreferrer noopener\">CR AG Extraordinaire 13\/05\/2022<\/a> <strong>===<\/strong>&gt; <a href=\"http:\/\/asl-la-chevauchee.fr\/wp-content\/uploads\/2022\/08\/AGE_13052022.pptx\" data-type=\"URL\" data-id=\"http:\/\/asl-la-chevauchee.fr\/wp-content\/uploads\/2022\/08\/AGE_13052022.pptx\" target=\"_blank\" rel=\"noreferrer noopener\">Vote Etude Rouillon<\/a><\/p>\n\n\n\n<p class=\"has-black-color has-text-color has-link-color wp-elements-fa0760201dd312ae4278c76e8ee42e1c\"><a href=\"http:\/\/asl-la-chevauchee.fr\/wp-content\/uploads\/2024\/02\/CR-AGO-2022.pdf\" data-type=\"link\" data-id=\"http:\/\/asl-la-chevauchee.fr\/wp-content\/uploads\/2024\/02\/CR-AGO-2022.pdf\" target=\"_blank\" rel=\"noreferrer noopener\">CR AG 2022 (exercice 2021)<\/a><strong> <\/strong><br><a href=\"http:\/\/asl-la-chevauchee.fr\/wp-content\/uploads\/2023\/01\/CR-AGO-2021.pdf\" data-type=\"URL\" data-id=\"http:\/\/asl-la-chevauchee.fr\/wp-content\/uploads\/2023\/01\/CR-AGO-2021.pdf\" target=\"_blank\" rel=\"noreferrer noopener\">CR AG 2021 (exercice 2020)<\/a><strong> ===<\/strong>&gt; <a href=\"http:\/\/asl-la-chevauchee.fr\/wp-content\/uploads\/2023\/02\/diaporama-AG-26-03-2021.pdf\" data-type=\"URL\" data-id=\"http:\/\/asl-la-chevauchee.fr\/wp-content\/uploads\/2023\/02\/diaporama-AG-26-03-2021.pdf\" target=\"_blank\" rel=\"noreferrer noopener\">Diaporama de l&rsquo;AG 2021<\/a><br><a href=\"http:\/\/asl-la-chevauchee.fr\/wp-content\/uploads\/2023\/01\/CR-AGO-6-11_1.pdf\" target=\"_blank\" rel=\"noreferrer noopener\">CR AG 2020 (exercice 2019)<\/a> <strong>===<\/strong>&gt; <a href=\"http:\/\/asl-la-chevauchee.fr\/wp-content\/uploads\/2023\/02\/diaporama-AG-6-11-2020.pdf\" data-type=\"URL\" data-id=\"http:\/\/asl-la-chevauchee.fr\/wp-content\/uploads\/2023\/02\/diaporama-AG-6-11-2020.pdf\" target=\"_blank\" rel=\"noreferrer noopener\">Diaporama de l&rsquo;AG 2020<\/a><br><a href=\"http:\/\/asl-la-chevauchee.fr\/wp-content\/uploads\/2023\/01\/CR-AGO-22-3-2019.pdf\" target=\"_blank\" rel=\"noreferrer noopener\">CR AG 2019 (exercice 2018)<\/a> <strong>===<\/strong>&gt; <a href=\"http:\/\/asl-la-chevauchee.fr\/wp-content\/uploads\/2023\/02\/AGO-Diapo-22-MARS-2019.ppt\" data-type=\"URL\" data-id=\"http:\/\/asl-la-chevauchee.fr\/wp-content\/uploads\/2023\/02\/AGO-Diapo-22-MARS-2019.ppt\" target=\"_blank\" rel=\"noreferrer noopener\">Diaporama de l&rsquo;AG 2019<\/a><br><a href=\"http:\/\/asl-la-chevauchee.fr\/wp-content\/uploads\/2023\/02\/AGE-CR-23-NOV-2018.doc\" data-type=\"URL\" data-id=\"http:\/\/asl-la-chevauchee.fr\/wp-content\/uploads\/2023\/02\/AGE-CR-23-NOV-2018.doc\" target=\"_blank\" rel=\"noreferrer noopener\">CR AG Extraordinaire nov. 2018<\/a> =&gt; Lev\u00e9e des hypoth\u00e8ques sur la voirie<br><a href=\"http:\/\/asl-la-chevauchee.fr\/wp-content\/uploads\/2023\/02\/AGO-CR-9-3-2018.docx\" data-type=\"URL\" data-id=\"http:\/\/asl-la-chevauchee.fr\/wp-content\/uploads\/2023\/02\/AGO-CR-9-3-2018.docx\" target=\"_blank\" rel=\"noreferrer noopener\">CR AG 2018 (exercice 2017)<\/a> <strong>===<\/strong>&gt; <a href=\"http:\/\/asl-la-chevauchee.fr\/wp-content\/uploads\/2023\/02\/AGO-Diapo-2018.ppt\" data-type=\"URL\" data-id=\"http:\/\/asl-la-chevauchee.fr\/wp-content\/uploads\/2023\/02\/AGO-Diapo-2018.ppt\" target=\"_blank\" rel=\"noreferrer noopener\">Diaporama de l&rsquo;AG 2018<\/a><br><a href=\"http:\/\/asl-la-chevauchee.fr\/wp-content\/uploads\/2023\/02\/AGE-CR-.docx\" data-type=\"URL\" data-id=\"http:\/\/asl-la-chevauchee.fr\/wp-content\/uploads\/2023\/02\/AGE-CR-.docx\" target=\"_blank\" rel=\"noreferrer noopener\">CR AG Extraordinaire nov. 2017<\/a> =&gt; <a href=\"http:\/\/asl-la-chevauchee.fr\/wp-content\/uploads\/2023\/02\/2021-STATUTS.pdf\" data-type=\"URL\" data-id=\"http:\/\/asl-la-chevauchee.fr\/wp-content\/uploads\/2023\/02\/2021-STATUTS.pdf\" target=\"_blank\" rel=\"noreferrer noopener\">Modification des Statuts<\/a><br><a href=\"http:\/\/asl-la-chevauchee.fr\/wp-content\/uploads\/2023\/02\/AGO-CR.docx\" data-type=\"URL\" data-id=\"http:\/\/asl-la-chevauchee.fr\/wp-content\/uploads\/2023\/02\/AGO-CR.docx\" target=\"_blank\" rel=\"noreferrer noopener\">CR AG 2017 (exercice 2016)<\/a><br><a href=\"http:\/\/asl-la-chevauchee.fr\/wp-content\/uploads\/2023\/02\/2016-CR-AGO.docx\" data-type=\"URL\" data-id=\"http:\/\/asl-la-chevauchee.fr\/wp-content\/uploads\/2023\/02\/2016-CR-AGO.docx\" target=\"_blank\" rel=\"noreferrer noopener\">CR AG 2016 (exercice 2015)<\/a><br><a href=\"http:\/\/asl-la-chevauchee.fr\/wp-content\/uploads\/2023\/02\/2015-CR-AGO.pdf\" data-type=\"URL\" data-id=\"http:\/\/asl-la-chevauchee.fr\/wp-content\/uploads\/2023\/02\/2015-CR-AGO.pdf\" target=\"_blank\" rel=\"noreferrer noopener\">CR AG 2015 (exercice 2014)<\/a><br><a href=\"http:\/\/asl-la-chevauchee.fr\/wp-content\/uploads\/2023\/02\/2014-CR-AGO.pdf\" data-type=\"URL\" data-id=\"http:\/\/asl-la-chevauchee.fr\/wp-content\/uploads\/2023\/02\/2014-CR-AGO.pdf\" target=\"_blank\" rel=\"noreferrer noopener\">CR AG 2014 (exercice 2013)<\/a><br><a href=\"http:\/\/asl-la-chevauchee.fr\/wp-content\/uploads\/2023\/02\/2013-CR-AGO.docx\" data-type=\"URL\" data-id=\"http:\/\/asl-la-chevauchee.fr\/wp-content\/uploads\/2023\/02\/2013-CR-AGO.docx\" target=\"_blank\" rel=\"noreferrer noopener\">CR AG 2013 (exercice 2012)<\/a><br><a href=\"http:\/\/asl-la-chevauchee.fr\/wp-content\/uploads\/2023\/02\/2012-CR-AGO.doc\" data-type=\"URL\" data-id=\"http:\/\/asl-la-chevauchee.fr\/wp-content\/uploads\/2023\/02\/2012-CR-AGO.doc\" target=\"_blank\" rel=\"noreferrer noopener\">CR AG 2012 (exercice 2011)<\/a><\/p>\n","protected":false},"excerpt":{"rendered":"<p>Ici les comptes rendus et les diaporama Les Comptes&nbsp; Rendus d&rsquo;Assembl\u00e9es G\u00e9n\u00e9rales &nbsp; Les Comptes rendus d&rsquo;Assembl\u00e9es G\u00e9n\u00e9rales (CR d&rsquo;AG) sont toujours diffus\u00e9s \u00e0 tous les membres de l&rsquo;ASL. CR AG 2025 (exercice 2024) ===> Diaporama de l&rsquo;AG 2025 le conseil municipal du 30 juin 2025 a officiellement int\u00e9gr\u00e9 les voies de la r\u00e9sidence dans [&hellip;]<\/p>\n","protected":false},"author":1,"featured_media":0,"parent":0,"menu_order":0,"comment_status":"closed","ping_status":"closed","template":"","meta":{"footnotes":""},"class_list":["post-40","page","type-page","status-publish","hentry"],"_links":{"self":[{"href":"https:\/\/asl-la-chevauchee.fr\/index.php\/wp-json\/wp\/v2\/pages\/40","targetHints":{"allow":["GET"]}}],"collection":[{"href":"https:\/\/asl-la-chevauchee.fr\/index.php\/wp-json\/wp\/v2\/pages"}],"about":[{"href":"https:\/\/asl-la-chevauchee.fr\/index.php\/wp-json\/wp\/v2\/types\/page"}],"author":[{"embeddable":true,"href":"https:\/\/asl-la-chevauchee.fr\/index.php\/wp-json\/wp\/v2\/users\/1"}],"replies":[{"embeddable":true,"href":"https:\/\/asl-la-chevauchee.fr\/index.php\/wp-json\/wp\/v2\/comments?post=40"}],"version-history":[{"count":33,"href":"https:\/\/asl-la-chevauchee.fr\/index.php\/wp-json\/wp\/v2\/pages\/40\/revisions"}],"predecessor-version":[{"id":400,"href":"https:\/\/asl-la-chevauchee.fr\/index.php\/wp-json\/wp\/v2\/pages\/40\/revisions\/400"}],"wp:attachment":[{"href":"https:\/\/asl-la-chevauchee.fr\/index.php\/wp-json\/wp\/v2\/media?parent=40"}],"curies":[{"name":"wp","href":"https:\/\/api.w.org\/{rel}","templated":true}]}}